ose 11 = -w + 7. Let z = 0 - w. What are the prime factors of l(z)?
2, 3, 7
Let o be (0 - -27)*((-2020)/12 + -1). List the prime factors of (4 - 1)/((-54)/o).
2, 127
Suppose -4*b + 16 = 0, -b + 5 = 2*r + 1. Suppose 2*a - 4 = -2*a - 2*c, 3*a - 16 = 5*c. Suppose -6*f + 5*f + a = r. List the prime factors of f.
2
Let c(u) = -18*u**3 + 6*u**2 - u - 7. What are the prime factors of c(-3)?
2, 67
Let b = -18 - 42. Let d be ((-4)/6)/(4/b). Suppose -d = 3*q - 46. List the prime factors of q.
2, 3
Let s = 506 - -816. List the prime factors of s.
2, 661
Suppose 5*w - 6150 = -3*t + 4876, 0 = 2*w - 3*t - 4423. What are the prime factors of w?
2207
Let d(n) = 18*n**3 + 2*n**2 - n + 1. Let k be d(2). Suppose 3*y = k + 32. List the prime factors of y.
61
Let h(z) = -z**3 - 9*z**2 + 12*z + 22. Let k be h(-10). Let x = 3 + -1. Suppose -f = k*t - 28, -f + 2*t + x*t - 2 = 0. What are the prime factors of f?
2, 3
Let p = -101 + 146. What are the prime factors of ((-16)/10 - -2)*p?
2, 3
Let b(t) = 22*t**3 - 3*t**2 + t - 1. Let c be (((-162)/(-12))/(-9))/((-9)/12). List the prime factors of b(c).
3, 5, 11
Suppose -1365*b + 10580 = -1355*b. List the prime factors of b.
2, 23
Let n = 12 - -22. Suppose -31*j - 387 = -n*j. What are the prime factors of j?
3, 43
Let o(r) = 65*r**2 + 31*r + 159. What are the prime factors of o(-7)?
53, 59
Let w = 2 + 1. Let t(k) = 7 + w*k - 3 - 2 - 4*k. List the prime factors of t(-6).
2
Let c = 442 + 58. List the prime factors of c.
2, 5
Let o(r) = -r**2 + 8*r - 9. Let s be o(4). Suppose s = 8*g - 33. List the prime factors of g.
5
What are the prime factors of (57/6)/(3/192)?
2, 19
Suppose 2*r = 10*r - 1536. Suppose 4*q = -2*a + 256, a = 3*q + 2*a - r. What are the prime factors of q?
2
Let t = -11 - -21. Let o(q) = q - 6. Let u be o(t). Suppose -4*j + u*k = -96, 5*j - k - 110 = 2*k. What are the prime factors of j?
19
Let t = 27 + -34. List the prime factors of 136 - ((-24)/21 + (-1)/t).
137
Suppose 2*b = -10, 3*a - 7*b + 4*b - 11802 = 0. List the prime factors of a.
3929
Let q = -3783 + 7727. List the prime factors of q.
2, 17, 29
What are the prime factors of 64/6*(135/(-6))/(-3)?
2, 5
Suppose 0 = 8*n + 8 - 40. List the prime factors of ((-627)/6)/((-2)/n).
11, 19
Let j be (-8)/(-12) + 766/3. Let k be 16/104 + j/26. Let v = 11 + k. List the prime factors of v.
3, 7
Suppose -2*q + 36 = -q + 2*l, -q + 11 = -3*l. Let x = q - -10. List the prime factors of x.
2, 3
Suppose -3*u - 5 - 4 = 0. Let i = u + 8. Suppose 112 = 4*j - i*z, -88 = -4*j - 2*z + z. List the prime factors of j.
23
Suppose 0 = w + 5*l - 96, 0 = -l + 2 + 1. Suppose -w = 7*z - 550. What are the prime factors of z?
67
Suppose 0 = -4*d + 2 + 10. Suppose -7*b + d*b - 40 = 0. What are the prime factors of (-2)/(-5) - 576/b?
2, 29
Suppose 4*w = -a + 1443, -12*a - 1443 = -13*a + w. What are the prime factors of a?
3, 13, 37
Suppose -2*z - 115 = -659. Suppose -s = 3*s - z. What are the prime factors of s?
2, 17
Let j(l) = -1. Let v(c) = -2*c. Let y(u) = -6*j(u) - v(u). Suppose 0 = -3*r + 5*d + 35, 3*d = 5*r + d - 33. List the prime factors of y(r).
2
Suppose 6*q + 316 = 3484. List the prime factors of q.
2, 3, 11
Let q = -101 + 964. List the prime factors of q.
863
Suppose 5*z + 64 = 21*z. Let w(v) be the third derivative of 13*v**4/24 - 5*v**3/3 - 2*v**2. What are the prime factors of w(z)?
2, 3, 7
Suppose 13*b = -1791 + 25555. What are the prime factors of b?
2, 457
Suppose 2*y = 6, 0*c - 4*y = 4*c - 36. Let t(j) = 3*j - 13. Let k be t(c). Suppose -q + 39 = k*g, -5*g - 15 = -2*q + 3. What are the prime factors of q?
19
Let l(s) = -s + 163. Suppose 0 = 66*o - 62*o. What are the prime factors of l(o)?
163
Let x(c) = -3*c**3 + 4*c**2 - 2*c. Let j be x(1). List the prime factors of 4/4*23 - j.
2, 3
Suppose 5*l = l. Suppose l = -q + 96 - 39. List the prime factors of q.
3, 19
Let w = 7 + -25. Let b be (-5 + -26)*(1 + -2). Let h = w + b. What are the prime factors of h?
13
Let s(w) = w**3 - 17*w**2 + 16*w + 5. Let p be s(16). Suppose 0 = -p*k + 6 + 14. What are the prime factors of -1 + k - 2 - -72?
73
Let p(b) = -b**2 + 11*b + 17. Let n be p(12). Let w be (n + -4)/((-1)/(-3)). Let o(s) = 2*s**3 - 5*s**2 + 2*s + 2. List the prime factors of o(w).
17
Let l be 115/9 + 6/27. Let f(n) = -n + 5. Let r be f(l). Let z = 10 + r. What are the prime factors of z?
2
Let v be (-3)/(-2)*(-8)/(-3). Suppose -2 = i, -v*r = -r + 2*i - 359. List the prime factors of r.
11
Let v be -2 + -1 + (-3)/3. Let g be (v/5)/((-2)/25). Let b = 25 - g. What are the prime factors of b?
3, 5
List the prime factors of (498/5)/(124/2170).
3, 7, 83
Let s(t) = -192*t + 153. List the prime factors of s(-3).
3
Suppose 12*u - 434 = 1666. Suppose 48*q - 55*q + u = 0. What are the prime factors of q?
5
Let k(w) = 225*w + 114. List the prime factors of k(8).
2, 3, 11, 29
Let k = -14 - -127. What are the prime factors of k?
113
Suppose 30*i - 3 = 31*i. Let d = i + 15. What are the prime factors of d?
2, 3
Suppose x - 2*r + 4 = 0, -x + 0 = 3*r - 6. Suppose x = q - 3*q - 6, 2*q + 356 = -5*g. Let p = g - -99. List the prime factors of p.
29
Let o be (-6)/14 - (-119)/49. What are the prime factors of ((-1510)/(-25))/2 + o/(-10)?
2, 3, 5
Let k = -13 - -4. Let g be ((-6)/k)/((-4)/(-30)). Suppose -g*h + 112 = 3*t, t + t + 4*h = 76. What are the prime factors of t?
2, 17
Suppose 6*v - 5*v = -2*f + 992, -2*f + 4*v + 1012 = 0. What are the prime factors of f?
2, 3, 83
What are the prime factors of 44/6*((-171768)/16)/(-17)?
11, 421
Let r = -741 + 2026. List the prime factors of r.
5, 257
Let l(r) = -r**3 + 21*r**2 - 12*r - 31. List the prime factors of l(17).
3, 307
Suppose -2*p = -7 - 3. Suppose 101 = p*j + 3*i, 3*j - 6*i - 47 = -i. Let w = 35 - j. What are the prime factors of w?
2
Let y = -4 + 24. List the prime factors of (-16)/y*105/(-6).
2, 7
Suppose 2*h + 1 = -2*g + 7, -3*g + 5*h + 33 = 0. Suppose 3*z - g = z. Suppose 16 = -3*i - 5*v, -v - 29 = -z*i + 3*v. What are the prime factors of i?
3
Suppose 573 = 11*q - 8*q. Let n = -63 + q. What are the prime factors of n?
2
Let u(l) = -143*l - 255. What are the prime factors of u(-7)?
2, 373
List the prime factors of ((-138)/(-4))/(117/1092).
2, 7, 23
Let y be (-1)/9 - 6/(-54). Suppose y*m = -7*m + 462. What are the prime factors of m?
2, 3, 11
Let c be -4 + (-2720)/(-15) + (-2)/6. Suppose 4*f + 65 = c. What are the prime factors of f?
2, 7
Let m(p) = -p - 1. Let a be m(6). Let i = -5 - a. Suppose -i*u + 120 = 3*u. What are the prime factors of u?
2, 3
Let l(y) = -23*y + 2. Let f be l(-2). Let n = f + 12. Suppose 0 = -h - 3*h + n. What are the prime factors of h?
3, 5
Let d = 8 - 65. Let g = d - -111. List the prime factors of g.
2, 3
Suppose -10 = -r + z, 5 = z + 9. Suppose -o - 87 = -5*x - 0*x, 2*o + 55 = 3*x. Let s = x - r. What are the prime factors of s?
11
Let r(y) = -y + 3. Let q be r(-3). Let b be (-4)/q*3/2. What are the prime factors of 2/1 - (b + -36)?
3, 13
Let s = 1214 - 296. What are the prime factors of s?
2, 3, 17
Let d be -3*((-88)/(-6))/(-2). Let p(s) = -s**3 - 15*s**2 - 13*s + 14. Let i be p(-14). What are the prime factors of i + d + -3 + 1?
2, 5
Let z = -18 + 19. Suppose z = -r - 3*i + 144, -2*i - 8 = 0. What are the prime factors of r?
5, 31
List the prime factors of 1270 - (-7 - (-3 + -1)).
19, 67
Let d(s) = s**3 - s**2 - 6*s - 10. Let j be d(6). What are the prime factors of (j/(-8))/(((-104)/32)/13)?
67
List the prime factors of -4 + 9 - -2*162.
7, 47
Let d = 5 + -3. Suppose -d*n - 22 = -3*n. List the prime factors of n.
2, 11
Let c be ((-224)/10)/(-4)*-5. Let y = c + 36. What are the prime factors of y?
2
Suppose -6*t = -11*t - 4*l + 145, t - 28 = -l. Suppose t = 2*s - 75. List the prime factors of (4 - (-4 + 6)) + s.
2, 7
Let y(h) = 465*h**2 - 5*h. List the prime factors of y(1).
2, 5, 23
Let r(o) = o - 5. Let i be r(0). Let g = i - -9. Suppose g*q - 16 = 0, -q - 78 = -3*s + 8. What are the prime factors of s?
2, 3, 5
Let s(j) = -5*j - 1. Suppose 0 = -p + w - 5, 2*w - 9 = p - 0*w. Let m be s(p). Suppose m*f = 5*g - 6, -2*g - 7 = -5*g - f. What are the prime factors of g?
2
Let b(g) = -158*g - 194. List the prime factors of b(-6).
2, 13, 29
Let z = -449 + 906. List the prime factors of z.
457
Let v = 120 + -188. Let u = 9 - v. What are the prime factors of